 factors of k.
2, 11, 19
Suppose -5*g - 21274 = -16*g. Suppose 6*j - g = -440. List the prime factors of j.
3, 83
Suppose 3*d - 24 = -3. Suppose -d*w + 5 = -23. Suppose -7*i + w*i = j - 262, 4*j - 425 = -5*i. What are the prime factors of i?
89
Suppose 2*n = -2*o - 32, -4*o + 24 = -2*n - 2*o. Let k(i) = i**2 + 12*i - 24. Let g be k(n). List the prime factors of 3 - -2*(g + 81).
173
Suppose -379163 = -42*p + 878821. What are the prime factors of p?
2, 3, 13
Suppose 2*x - 6*x = 2*x. Suppose v = l - x*l + 115, -615 = -5*v - 3*l. Suppose -v = -b + 4. List the prime factors of b.
2, 31
Let z(q) = -q + 34. Let m be z(21). List the prime factors of 59*(m/26)/(2/4).
59
Let w = 190 + -186. Suppose -2*u + 0*u - 4*r + 1956 = 0, r = -w*u + 3905. List the prime factors of u.
2, 61
Let t = 1121 - 768. Let x = t - 119. List the prime factors of x.
2, 3, 13
Let t(a) = a**3 - 5*a**2 + 7*a - 6. Let u be t(4). Suppose -u*h - 24 = -12*h. Suppose -p + 2*s + 112 = h*s, -p - s + 108 = 0. What are the prime factors of p?
2, 13
Suppose -6*f + 15 = -f - 2*w, 0 = -f - 5*w + 3. Suppose -f*g + 9*g = -g. Suppose 7*x - 14*x + 441 = g. List the prime factors of x.
3, 7
Suppose i + 5*q + 724 = 0, -3*i = -5*i - 5*q - 1453. Suppose 18*b + 4120 = -11*b - 10670. Let k = b - i. What are the prime factors of k?
3, 73
Let k(c) = -4*c + 48. Let d be k(7). Let z = 80 + d. What are the prime factors of z?
2, 5
Let z be (6/10*61)/(14/210). Let y = 1603 - z. What are the prime factors of y?
2, 17, 31
Let q(f) = f**3 + 4*f**2 - 4. Let d be q(-3). Suppose 4*i = -2*n + 7*i + 54, -i = d*n - 101. What are the prime factors of n?
3, 7
Let d be (-1*2)/(8/(-172)). Suppose -19*i = 2*i + 819. Let y = d + i. List the prime factors of y.
2
Let k = 1264 - -2355. What are the prime factors of k?
7, 11, 47
Suppose -245338 = -286*y + 798905 + 325697. List the prime factors of y.
2, 5, 479
Let d = -1921 - -1978. What are the prime factors of d?
3, 19
Let w = 87 - 84. Suppose -57 = -w*f + 486. What are the prime factors of f?
181
List the prime factors of 138/483 - ((-1)/(-3) + 3179090/(-105)).
13, 17, 137
Let i = -10 - 91. What are the prime factors of 2/(4 + 2) - i/3?
2, 17
List the prime factors of (-4153528)/995*5*1/(-2).
2, 2609
Suppose g = -3*k + 34113, -45492 = -4*k - 24*g + 20*g. What are the prime factors of k?
2, 3, 5, 379
Let f be ((-3)/6)/((-12)/(-120)). List the prime factors of f/(-2)*(68 + (-90)/9).
5, 29
Let n(f) = 7*f**2 - f - 625. List the prime factors of n(-24).
47, 73
Suppose -277409 = -127*u - 56556. What are the prime factors of u?
37, 47
Let r be (-177 - -4)*(-3)/(-1). Let l = r + 1938. What are the prime factors of l?
3, 11, 43
What are the prime factors of 15307 - 2*(6 + -2)?
15299
Let j = 2035 + -401. List the prime factors of -1 + (j/8)/((-4)/(-16)).
2, 3, 17
Let i be 20986/(-35) + 2/(30/9). Let q = 990 + i. List the prime factors of q.
17, 23
Let g = -241 - -192. Suppose -2*l + 0*l = -148. Let y = g + l. What are the prime factors of y?
5
Let i(c) = -c**2 - 8*c + 2. Let t(v) = v - 1. Let g(o) = -i(o) - 5*t(o). Let z be g(5). Suppose -z*m + 54 = -40*m. List the prime factors of m.
2, 3
Let d = 106 - 30. Suppose 2*o = -d + 408. List the prime factors of o.
2, 83
Suppose -148 = h - 147, -2*d = -4*h - 13258. List the prime factors of d.
3, 47
Suppose 10*y - 3011 = 58449. What are the prime factors of y?
2, 7, 439
List the prime factors of (27360/(-225))/((-2)/190).
2, 19
What are the prime factors of -21 - 52766/42*-27?
2, 3, 5, 113
Suppose -4*b - 12833 = -z, -14*b + 12*b - 14 = 0. List the prime factors of z.
5, 13, 197
List the prime factors of ((-4)/(-36)*69 - 8)*-14349.
4783
Let w(a) = -17*a - 70. Let n be w(-21). What are the prime factors of 1 + n + 1/((-6)/24)?
2, 71
What are the prime factors of (-4976286)/(-109) - (11 + 0)?
13, 3511
Let f be 171414/(-81) - 2/(-9). Let n = 3169 + f. What are the prime factors of n?
3, 13
Let d(x) = 128*x - 12. Let j(h) = 3*h. Let g(p) = d(p) - 12*j(p). What are the prime factors of g(5)?
2, 7
Suppose k = 18*k + 8466. Let t = k - -511. List the prime factors of t.
13
Let y be (16012/28 - 1) + 9/63. Suppose w + y = -4*l + 1925, -3*w + l + 4114 = 0. List the prime factors of w.
2, 5, 137
Let z = -119021 + 170399. What are the prime factors of z?
2, 3, 8563
Suppose -1664 = -5*q + 4*x, 663 = 2*q - 5*x + 6*x. Let y = q - 127. What are the prime factors of y?
5, 41
Let n = 21 - 17. Let p be (0 - 1) + -2 + (-152)/n. Let m = p - -77. List the prime factors of m.
2, 3
Suppose 0 = 19*y - 1388 + 4903. Let s = y + 309. What are the prime factors of s?
2, 31
Let g = 5386 - 3984. What are the prime factors of g?
2, 701
Suppose 8*q - 37*q = -10962. Let r = 24 + q. List the prime factors of r.
2, 3, 67
Let x be 4/7 + (-741)/133. List the prime factors of (-14650)/(-40)*(0 - -4) - x.
2, 3, 5, 7
Suppose 0 = -29*q + 10058 + 39445. Suppose -14*h + q = 377. List the prime factors of h.
5, 19
Let l(q) = q**2 - 9*q + 19. Let g be l(6). What are the prime factors of 2574/10 + ((-3)/(-5) - g)?
257
Suppose 2473 - 9142 = -30*z + 19701. What are the prime factors of z?
3, 293
Let w(j) = -j**3 - 6*j**2 - 7*j - 10. Let n be 3/((-2)/(-10)*(-3)/6). Let i = n - -24. List the prime factors of w(i).
2
Suppose 7*x = -188 + 202. Suppose -5*n = 3*r - 612, x*n = -7*r + 3*r + 256. What are the prime factors of n?
2, 3, 5
Suppose 16 = 4*a + 156. Suppose -7*c - 130 = -17*c. List the prime factors of -1*c*a/5.
7, 13
Let m be -3 - (-1 + 55 + -1). Let a be 31/8 - 7/m. Suppose 317 = a*b - y - 0*y, -5*b - 2*y + 393 = 0. What are the prime factors of b?
79
Let f(w) be the second derivative of 7*w**4/4 - w**3/3 - 3*w**2/2 - 128*w. Let d be ((-2)/6)/((-1)/(-3)). List the prime factors of f(d).
2, 5
Suppose 0 = -5*i - 3 + 23. Let h(y) = 97*y + 37. What are the prime factors of h(i)?
5, 17
Let j = 16708 - 8709. What are the prime factors of j?
19, 421
Suppose 134*l + 264134 = 2589579 + 399579. What are the prime factors of l?
2, 31, 41
Let s = 637 - 115. Suppose -3*b + 2*d - 55 + s = 0, 4*b + 5*d - 661 = 0. Suppose -b = 8*n - 9*n. List the prime factors of n.
3, 53
List the prime factors of (2 - 1 - 6)*(4 - 1413).
5, 1409
Let a be (18/21)/(2/98). Let q be (-480)/56*a/(-4). Suppose 8 = y + 4*c, q = 3*y - 5*c + 15. What are the prime factors of y?
2, 5
Let k(y) = y**2 + 3. Let p be 833/(-85) + 2/(-10). Let r be (-30)/p + 1 + -2. List the prime factors of k(r).
7
Let w = 25122 + 5922. List the prime factors of w.
2, 3, 13, 199
List the prime factors of (41566/(-4))/((-171)/456) - 2/3.
2, 5, 17, 163
Let v(c) = c**3 - 18*c**2 - 19*c + 4. Let y be v(19). Suppose -5*g + y*g = -3. Suppose g*q + 11 = 26. What are the prime factors of q?
5
Let v(y) = 31*y**2 + 11*y + 6. Let i be v(5). Let w = 1258 - i. List the prime factors of w.
2, 211
Let j = 393 - 278. Let q be 4/((-140)/j) + (-2)/(-7). List the prime factors of 13925/100 - (q/(-4))/3.
139
Let q(l) = 14*l + 177. Let c be q(-11). Suppose 28*d = c*d + 2*h + 5639, -4*d = 3*h - 4525. What are the prime factors of d?
1129
Suppose 0 = -2*g + 5*t - 2*t + 1, 5*g - 19 = 2*t. Let q(v) = -2*v**2 - 1 - 7*v + 0*v + 6*v**2 - 7. List the prime factors of q(g).
3, 19
Let n(l) = 994*l + 44. Let i(w) = -199*w - 9. Let v(x) = -11*i(x) - 2*n(x). Let s be v(2). Let u = s - 251. List the prime factors of u.
2, 3
Let o = 222 - 218. List the prime factors of (5 - o) + -3 - -139.
137
Let u(l) = 7*l**2 - 157*l + 28. What are the prime factors of u(64)?
2, 4663
Let d(f) = 8*f + 94. Let o(l) = l**3 + 24*l**2. Let a be o(-24). What are the prime factors of d(a)?
2, 47
Let i(p) = -15*p - 2. Let l be i(4). Let m = -33 - l. Let x = 40 - m. List the prime factors of x.
11
Let t be (-10)/6*(3 + -6). Let k be (-3)/((-69)/12 + t). Suppose k*p = 2*n + 746, -5*p = -7*n + 4*n - 932. List the prime factors of p.
11, 17
Suppose 0*h - 5*h + 820 = 0. Suppose -14 + h = 3*x. What are the prime factors of x?
2, 5
Let u(x) = x**2 + 12*x - 37. Let n(o) = -o**2 - 14*o + 38. Let w(h) = 6*n(h) + 7*u(h). What are the prime factors of w(-12)?
113
Let l(z) = -z**3 + 4*z**2 + 15*z - 23. Let s be l(6). List the prime factors of 1393 + 20/s + -2.
19, 73
Suppose -284*c + 415174 + 7708362 = 0. List the prime factors of c.
2, 7151
Let j(q) = -q**3 - 8*q**2 + 3. Let p be j(-8). Let k = -268 - -272. Sup